 w. What are the prime factors of t?
5, 59
Let h be ((-3363)/(-18) + 1/6)*6. Suppose 0 = 5*m + 10, -3*j = 2*m - h - 1115. What are the prime factors of j?
3, 83
Let h(l) = -115*l - 10. Let m(f) = -1. Let r(u) = h(u) - 6*m(u). What are the prime factors of r(-2)?
2, 113
Let i be (42/(-12))/(6/(-108)). Suppose 0 = -5*w + i + 107. What are the prime factors of w?
2, 17
Suppose -31*c + 11051 = -1070. What are the prime factors of c?
17, 23
Let w = -114 + 119. Suppose -4*z - 3*m = -385, -w*z + 428 = -m - 77. List the prime factors of z.
2, 5
Suppose -l = 39 - 177. Let u be 31/4*(-76 - -64). Let d = u + l. What are the prime factors of d?
3, 5
What are the prime factors of 3058 - (10 - 14 - -30)?
2, 379
Suppose 7*o - 2*o = 10. Let z be -1 + 1 + o - 14/(-7). Suppose z*m = -a + 33, 8 = 2*a + 2*m - 28. List the prime factors of a.
13
What are the prime factors of (((-1893)/(-2))/(-3))/((-331)/3310)?
5, 631
Suppose 114*n - 11*n + 167186 = 3160469. List the prime factors of n.
3, 3229
Let r = -427 + 430. Suppose -r*o - 21 = -42. List the prime factors of o.
7
What are the prime factors of 0 + (-22490)/(-4) + 756/24 + -31?
5623
Suppose 63*t - 57*t + 8055 - 92247 = 0. What are the prime factors of t?
2, 877
Suppose 0 = -6*t + 10*t + 40. Let q be (-11 - t)/(2/(-108)). Let m = q + -48. What are the prime factors of m?
2, 3
List the prime factors of 10/8 + (118/472)/((-2)/(-207958)).
2, 67, 97
Let o be 0 + 0 - (3 - (0 - -5)). Suppose -4*m = -o*h - m + 430, 0 = -2*h + 2*m + 432. What are the prime factors of h?
2, 109
Let q(v) = -v**3 + 5*v**2 - 5*v + 6. Let o be q(4). Suppose 5*h = 5*u + 3*h - 834, h + o = 0. Let w = u + -93. List the prime factors of w.
73
Suppose 120 = 4*b + 4*c - 588, 2*b - 389 = 5*c. Suppose -y + 388 = -b. Suppose -m + x = -144, 4*m + 2*x = -0*x + y. What are the prime factors of m?
11, 13
Let d(o) = 3*o - 10. Let b be d(5). Suppose -73 = -3*w - b*l - 0*l, 52 = 2*w + 5*l. What are the prime factors of (w/(-9))/(((-20)/(-252))/(-5))?
3, 7
Let t(d) = -3*d**3 - 32*d**2 + 14*d - 14. Let j(b) = b**3 + 11*b**2 - 5*b + 5. Let r(s) = -8*j(s) - 3*t(s). List the prime factors of r(-6).
2, 43
Let u = -103 - -107. Suppose u*h - 10*h = -1428. What are the prime factors of h?
2, 7, 17
Let t(p) = 2*p**3 - 6*p**2 + 9*p + 1165. Let y(o) = -3*o**3 + 11*o**2 - 18*o - 2331. Let g(v) = -5*t(v) - 3*y(v). What are the prime factors of g(0)?
2, 73
Suppose 441 = j + 2*j. Let a be (7/2)/(10/(-60)). List the prime factors of j + (-1 - a)/5.
151
Suppose 5*l + 58*t = 53*t + 132410, -5*t = -2*l + 52936. List the prime factors of l.
2, 3, 1471
Suppose -5*g + 5*k = -100, 6*g - 2*g - 3*k = 83. Suppose -810 = g*l - 14*l. Let s = 261 + l. List the prime factors of s.
3, 19
Let c(o) = 30*o - 122. Let k be c(18). Let w = k + -49. List the prime factors of w.
3, 41
Let h be -25 + 28 + -127 + 0/(-1). Let y = h + 58. Let t = y + 117. What are the prime factors of t?
3, 17
Let d(m) = -239*m**3 - 5*m**2 - 2. Let j be d(-2). Suppose -8 = -4*k - 28, -5*w = -k - j. List the prime factors of w.
13, 29
Let l = 87 + -82. Suppose 0 = -l*p + 8*p - 2919. Suppose -6*v + p + 23 = 0. List the prime factors of v.
2, 83
Let y be 5080/(-18) + 4 + 4/18. Suppose 0 = -4*u - 2*f - 786, 5*u + 2*f - 7*f + 1005 = 0. Let r = u - y. What are the prime factors of r?
2, 5
Suppose 4*j = 5*g - 10*g + 51572, 4*j = -3*g + 51572. List the prime factors of j.
12893
Let c = -55 + 57. List the prime factors of (-9)/(9/(2925/(-10)))*c.
3, 5, 13
Let r = 15 - 9. Let n be 0 - (0 + (4 - r)). Suppose 0 = -n*a + 31 + 267. List the prime factors of a.
149
Let u(g) = 131*g**2 - 66*g - 518. What are the prime factors of u(-8)?
2, 3, 1399
Let r = -177 + 191. Suppose r*q - 564 = 3202. List the prime factors of q.
269
Let k(s) = s**3 + 16*s**2 + 30*s + 31. Let t be k(-13). List the prime factors of ((-370)/t)/(1/(-262)).
5, 131
Let m = 993 - 614. Suppose 131 = p - m. What are the prime factors of p?
2, 3, 5, 17
Suppose -87*c - 24156 = -92*c + 33104. List the prime factors of c.
2, 7, 409
Let m(f) = -11*f**2 - 19*f - 58. Let r be m(-3). List the prime factors of 0/(-1) + (-1 + 9 - r).
2, 3
Suppose -5*r - 4*k = -11838 - 5377, -5*r + 17255 = -4*k. What are the prime factors of r?
3, 383
List the prime factors of 50253 - 63/((-756)/120).
50263
Suppose -153 = 4*c - 137, c + 12916 = 3*q. What are the prime factors of q?
2, 269
Suppose 16*g = -3*g + 1056875. What are the prime factors of g?
5, 89
Suppose 38 + 373 = m. Let i = m + 946. List the prime factors of i.
23, 59
Let r(v) = 7*v**2 + 69*v + 648. What are the prime factors of r(-50)?
2, 7349
Let q(k) = -4*k**3 + 92*k**2 + 1902*k + 24. What are the prime factors of q(-19)?
2, 3, 29, 47
Let n = -52 + 54. Suppose 5*a + n*a = 21. Suppose 0 = -g - 5*j + 83, a*g + 0*g = -2*j + 301. What are the prime factors of g?
103
Suppose v + 4*d + 20 = 3*v, 4*v - 25 = 3*d. Let s be 88 + (4 - v) + 3. Suppose -j = l - 4*l + 273, -l + j + s = 0. List the prime factors of l.
7, 13
Let o(y) = -19*y**2 + 1401*y - 150. What are the prime factors of o(69)?
2, 3, 5, 101
Let t be (5 - (-30)/8)*8*7. Suppose -942 = -4*p + t. List the prime factors of p.
2, 179
Suppose -10*w = 18*w - 150892. What are the prime factors of w?
17, 317
Suppose -g + 213 = -3*o - 2*g, -5*o + 2*g - 344 = 0. Let d = o - -73. Suppose 98 = d*v - 361. List the prime factors of v.
3, 17
Suppose -77 = 4*l - 997. Let r = -128 + l. List the prime factors of r.
2, 3, 17
Let z = -2499 + 10250. List the prime factors of z.
23, 337
Let y(z) = z**3 + 42*z**2 + 102*z + 1809. List the prime factors of y(-20).
11, 19, 41
Let k(m) = -2*m + 13. Let g(f) = -f**2 + 4*f + 1. Let x be g(3). Let h be k(x). Suppose 0 = -3*v, 0*c + c - 170 = h*v. What are the prime factors of c?
2, 5, 17
Let p(i) = -58*i**2 - 10*i - 4. Let j be p(-2). Suppose 818 = -2*r + 3*l, -l - 1 = 1. Let v = j - r. What are the prime factors of v?
2, 7
Suppose 14*n + 12481 = 128891. Suppose 5290 = 15*d - n. What are the prime factors of d?
907
Let q = -33 - -29. Let i be (-166 - 2)*q/8. Suppose j + 5*f - i = 0, -2*f = 2*j - 4*f - 108. What are the prime factors of j?
59
Suppose -2734 = 8*v - 8206. Let n = v - 353. List the prime factors of n.
331
Let u = -3213 - -5760. What are the prime factors of u?
3, 283
Suppose 0 = u + 4*u - 5*n - 355, -4*u = 4*n - 316. Let r = u - 73. Suppose -z + r*i = -77, -4*z + 169 = -2*z + i. What are the prime factors of z?
83
Let a(c) = -8*c**3 - 11*c**2 - 13*c - 14. Let r be a(7). Let u = -2125 - r. List the prime factors of u.
3, 421
Let k(x) = 1462*x**2 - 3*x + 4. Let p be k(1). Let j = p + -616. List the prime factors of j.
7, 11
Let u = 62719 - 33480. What are the prime factors of u?
7, 4177
Suppose 4*z = 9*z + 4*x + 20, -4*z + 2*x + 10 = 0. Suppose z = 3*k - 0*g + g - 4685, -2*k + 3129 = -5*g. List the prime factors of k.
2, 11, 71
Let a = 4138 - 3830. What are the prime factors of a?
2, 7, 11
Let x(y) = y**3 + 9*y**2 + 6*y - 7. Let t(d) = 2*d + 17. Let s be t(-7). Let g be (s + -4)/((-4)/(-20)). List the prime factors of x(g).
3, 7
Let f(t) = -4*t + 137. Let o be f(20). Let g = -41 - -25. Let v = o + g. What are the prime factors of v?
41
Let y(l) = -5*l**2 + 2*l + 8. Let u(a) = -10*a**2 + 5*a + 15. Let w(p) = 4*u(p) - 9*y(p). List the prime factors of w(4).
2, 19
What are the prime factors of 5118 - (17/8 + 29/(-232))?
2, 1279
List the prime factors of 669*26/(-39)*(-2 + 0).
2, 223
Let s(j) = j**2 + 3*j - 12. Let o be s(-3). Let q be (o/(-14))/(11/(-77)). Let w(l) = -2*l**3 - 10*l**2 + 4*l + 4. What are the prime factors of w(q)?
2, 13
Let t = 9553 + -4227. What are the prime factors of t?
2, 2663
Suppose -r + 2 = -0*r. Suppose -2*g - 2*k = -4*k - 732, r*g = k + 733. What are the prime factors of g?
367
Let u(l) = 2320*l + 1902. List the prime factors of u(7).
2, 47, 193
Let g(k) = -24*k**3 - 7*k**2 + 4*k + 3. Let l be g(-5). Suppose -9*v + 0*v = -l. What are the prime factors of v?
2, 3, 13
Suppose d + 2*d = 3*g + 414, 0 = -4*g - 20. Suppose -d = -n + 493. List the prime factors of n.
2, 313
What are the prime factors of (96*-2)/((-3)/1226) - (-21 - -13)?
2, 17, 577
Let h(k) = 68*k + 7. Suppose 2 = q + r, -2*r - 2*r - 12 = 0. List the prime factors of h(q).
347
Suppose 30*a = -108101 + 1219061. List the prime factors of a.
2, 3, 1543
Let m(j